{"id":520,"date":"2023-02-19T18:09:41","date_gmt":"2023-02-19T17:09:41","guid":{"rendered":"https:\/\/www.labergerieduval.com\/?page_id=520"},"modified":"2024-03-01T08:43:36","modified_gmt":"2024-03-01T07:43:36","slug":"yourte-mongole-3-personnes-drome","status":"publish","type":"page","link":"https:\/\/www.labergerieduval.com\/index.php\/bienvenue\/yourte-mongole-3-personnes-drome\/","title":{"rendered":"Yourte mongole 3 personnes Drome"},"content":{"rendered":"<style type=\"text\/css\">.easingslider-480 { max-width: 640px; }.easingslider-480 .easingslider-image { max-height: 400px; max-width: 640px; }.easingslider-480 .easingslider-fade-in, .easingslider-fade-out { -webkit-animation-duration: 400ms; -moz-animation-duration: 400ms; animation-duration: 400ms; }<\/style><script type=\"text\/javascript\">window.EasingSlider480 = {\"width\":640,\"height\":400,\"singleItem\":true,\"items\":1,\"itemsDesktop\":false,\"itemsDesktopSmall\":false,\"itemsTablet\":false,\"itemsTabletSmall\":false,\"itemsMobile\":false,\"responsive\":true,\"lazyLoad\":true,\"autoPlay\":4000,\"slideSpeed\":400,\"navigation\":true,\"navigationText\":[\"\",\"\"],\"pagination\":true,\"autoHeight\":false,\"mouseDrag\":false,\"touchDrag\":false,\"addClassActive\":true,\"transitionStyle\":\"fade\"};<\/script><div data-id=\"480\" class=\"easingslider easingslider-480 easingslider-container easingslider-resizing-enabled easingslider-aspect-ratio easingslider-arrows-inside easingslider-pagination-inside easingslider-pagination-bottom-center\"><div class=\"easingslider-slide\"><img src=\"https:\/\/www.labergerieduval.com\/wp-content\/plugins\/easing-slider\/assets\/images\/placeholder-pixel.png\" data-src=\"https:\/\/www.labergerieduval.com\/wp-content\/uploads\/2021\/03\/ImmoChalancon_final67-640x400.jpg\" alt=\"\" title=\"\" class=\"easingslider-image easingslider-lazy\" \/><\/div><div class=\"easingslider-slide\"><img src=\"https:\/\/www.labergerieduval.com\/wp-content\/plugins\/easing-slider\/assets\/images\/placeholder-pixel.png\" data-src=\"https:\/\/www.labergerieduval.com\/wp-content\/uploads\/2021\/03\/ImmoChalancon_final41-640x400.jpg\" alt=\"\" title=\"\" class=\"easingslider-image easingslider-lazy\" \/><\/div><div class=\"easingslider-slide\"><img src=\"https:\/\/www.labergerieduval.com\/wp-content\/plugins\/easing-slider\/assets\/images\/placeholder-pixel.png\" data-src=\"https:\/\/www.labergerieduval.com\/wp-content\/uploads\/2021\/03\/ImmoChalancon_final51-640x400.jpg\" alt=\"\" title=\"\" class=\"easingslider-image easingslider-lazy\" \/><\/div><div class=\"easingslider-slide\"><img src=\"https:\/\/www.labergerieduval.com\/wp-content\/plugins\/easing-slider\/assets\/images\/placeholder-pixel.png\" data-src=\"https:\/\/www.labergerieduval.com\/wp-content\/uploads\/2021\/03\/ImmoChalancon_final53-640x400.jpg\" alt=\"\" title=\"\" class=\"easingslider-image easingslider-lazy\" \/><\/div><div class=\"easingslider-slide\"><img src=\"https:\/\/www.labergerieduval.com\/wp-content\/plugins\/easing-slider\/assets\/images\/placeholder-pixel.png\" data-src=\"https:\/\/www.labergerieduval.com\/wp-content\/uploads\/2021\/03\/ImmoChalancon_final25-640x400.jpg\" alt=\"\" title=\"\" class=\"easingslider-image easingslider-lazy\" \/><\/div><div class=\"easingslider-slide\"><img src=\"https:\/\/www.labergerieduval.com\/wp-content\/plugins\/easing-slider\/assets\/images\/placeholder-pixel.png\" data-src=\"https:\/\/www.labergerieduval.com\/wp-content\/uploads\/2021\/03\/ImmoChalancon_final20-640x400.jpg\" alt=\"\" title=\"\" class=\"easingslider-image easingslider-lazy\" \/><\/div><div class=\"easingslider-slide\"><img src=\"https:\/\/www.labergerieduval.com\/wp-content\/plugins\/easing-slider\/assets\/images\/placeholder-pixel.png\" data-src=\"https:\/\/www.labergerieduval.com\/wp-content\/uploads\/2024\/06\/SDB-2024-640x400.jpeg\" alt=\"\" title=\"\" class=\"easingslider-image easingslider-lazy\" \/><\/div><div class=\"easingslider-slide\"><img src=\"https:\/\/www.labergerieduval.com\/wp-content\/plugins\/easing-slider\/assets\/images\/placeholder-pixel.png\" data-src=\"https:\/\/www.labergerieduval.com\/wp-content\/uploads\/2024\/06\/WC-2024-640x400.jpeg\" alt=\"\" title=\"\" class=\"easingslider-image easingslider-lazy\" \/><\/div><div class=\"easingslider-slide\"><img src=\"https:\/\/www.labergerieduval.com\/wp-content\/plugins\/easing-slider\/assets\/images\/placeholder-pixel.png\" data-src=\"https:\/\/www.labergerieduval.com\/wp-content\/uploads\/2021\/03\/ImmoChalancon_final43-640x400.jpg\" alt=\"\" title=\"\" class=\"easingslider-image easingslider-lazy\" \/><\/div><div class=\"easingslider-slide\"><img src=\"https:\/\/www.labergerieduval.com\/wp-content\/plugins\/easing-slider\/assets\/images\/placeholder-pixel.png\" data-src=\"https:\/\/www.labergerieduval.com\/wp-content\/uploads\/2021\/03\/ImmoChalancon_final36-640x400.jpg\" alt=\"\" title=\"\" class=\"easingslider-image easingslider-lazy\" \/><\/div><div class=\"easingslider-slide\"><img src=\"https:\/\/www.labergerieduval.com\/wp-content\/plugins\/easing-slider\/assets\/images\/placeholder-pixel.png\" data-src=\"https:\/\/www.labergerieduval.com\/wp-content\/uploads\/2021\/03\/ImmoChalancon_final64-640x400.jpg\" alt=\"\" title=\"\" class=\"easingslider-image easingslider-lazy\" \/><\/div><\/div>\n<p>Evadez-vous en Drome proven\u00e7ale dans notre hebergement insolite.<\/p>\n<p>Vous serez \u00e0 coup sur s\u00e9duit par notre yourte import\u00e9e de Mongolie. D&rsquo;une surface de 27 m2 la yourte est \u00e9quip\u00e9e de 3 couchages.<\/p>\n<p>A 50 m de la yourte, vous aurez la jouissance exclusive d&rsquo;une cuisine et d&rsquo;une salle de douche avec wc. Nous sommes install\u00e9s dans une vall\u00e9e pr\u00e9serv\u00e9e et sauvage : randonn\u00e9es, repos, calme sont au rendez-vous. Vous pourrez vous ressourcer au milieu des plantes aromatiques, pins et lavandes fines.<\/p>\n<p>&nbsp;<\/p>\n<p>La yourte de la Bergerie du Val est situ\u00e9e dans le petit village pittoresque de Chalancon.<\/p>\n<p>D&rsquo;une surface de 27 m2 la yourte est \u00e9quip\u00e9e d&rsquo;un lit king size (180 \/200) et d&rsquo;un lit simple (80\/190) ainsi que de mobilier traditionnel (1 coffre, 1 petite armoire et 1 table basse avec tabourets).<br \/>\nLes \u00e9quipements de la cuisine : frigo-cong\u00e9lateur, gazini\u00e8re, micro-ondes, grille pains et cafeti\u00e8re.<br \/>\nUne salle de douche avec WC est \u00e0 votre disposition.<br \/>\nUn lave linge est partag\u00e9 avec les propri\u00e9taires.<br \/>\nTransats et mobilier d&rsquo;ext\u00e9rieur vous permettront de passer de bons moments.<\/p>\n<p>&nbsp;<\/p>\n<p>Nous habitons sur place, nous pourrons vous indiquer de bonnes adresses dans le secteur et sommes plut\u00f4t disponibles le matin.<br \/>\nNous souhaitons pr\u00e9server votre intimit\u00e9 ainsi que la n\u00f4tre, la yourte est en contrebas de notre habitation.<\/p>\n<p>La yourte est disponible \u00e0 la r\u00e9servation de mi-juin \u00e0 mi-septembre uniquement, elle n&rsquo;a pas de syst\u00e8me de chauffage, nous la d\u00e9montons tous les automnes.<\/p>\n<p>Nos tarifs :<\/p>\n<p>Un s\u00e9jour de 3 nuits minimum est demand\u00e9 en juillet et aout<\/p>\n<p>Un s\u00e9jour de 2 nuits minimum est demand\u00e9 en juin et septembre<\/p>\n<p>210\u20ac pour 2 nuits<\/p>\n<p>280\u20ac pour 3 nuits<\/p>\n<p>50\u20ac la nuit suppl\u00e9mentaire<\/p>\n<p>450\u20ac la semaine<\/p>\n<p>La taxe de s\u00e9jour est incluse<\/p>\n<p>Vous pouvez r\u00e9server en nous contactant au 06 61 41 82 20<\/p>\n<p>Nous acceptons 1 chien sur demande pr\u00e9alable, nous en avons 2 et d&rsquo;autres peuvent etre pr\u00e9sents dans le gite<\/p>\n<p>A bient\u00f4t<\/p>\n<p>Sol\u00e8ne &amp; Philippe<\/p>\n","protected":false},"excerpt":{"rendered":"<p>Evadez-vous en Drome proven\u00e7ale dans notre hebergement insolite. Vous serez \u00e0 coup sur s\u00e9duit par notre yourte import\u00e9e de Mongolie. D&rsquo;une surface de 27 m2 la yourte est \u00e9quip\u00e9e de 3 couchages. A 50 m de la yourte, vous aurez la jouissance exclusive d&rsquo;une cuisine et d&rsquo;une salle de douche avec wc. Nous sommes install\u00e9s [&hellip;]<\/p>\n","protected":false},"author":1,"featured_media":0,"parent":514,"menu_order":0,"comment_status":"closed","ping_status":"closed","template":"","meta":{"_mi_skip_tracking":false},"yoast_head":"<!-- This site is optimized with the Yoast SEO plugin v19.11 - https:\/\/yoast.com\/wordpress\/plugins\/seo\/ -->\n<title>Yourte mongole 3 personnes Drome -<\/title>\n<meta name=\"robots\" content=\"index, follow, max-snippet:-1, max-image-preview:large, max-video-preview:-1\" \/>\n<link rel=\"canonical\" href=\"https:\/\/www.labergerieduval.com\/index.php\/bienvenue\/yourte-mongole-3-personnes-drome\/\" \/>\n<meta property=\"og:locale\" content=\"fr_FR\" \/>\n<meta property=\"og:type\" content=\"article\" \/>\n<meta property=\"og:title\" content=\"Yourte mongole 3 personnes Drome -\" \/>\n<meta property=\"og:description\" content=\"Evadez-vous en Drome proven\u00e7ale dans notre hebergement insolite. Vous serez \u00e0 coup sur s\u00e9duit par notre yourte import\u00e9e de Mongolie. D&rsquo;une surface de 27 m2 la yourte est \u00e9quip\u00e9e de 3 couchages. A 50 m de la yourte, vous aurez la jouissance exclusive d&rsquo;une cuisine et d&rsquo;une salle de douche avec wc. Nous sommes install\u00e9s [&hellip;]\" \/>\n<meta property=\"og:url\" content=\"https:\/\/www.labergerieduval.com\/index.php\/bienvenue\/yourte-mongole-3-personnes-drome\/\" \/>\n<meta property=\"article:publisher\" content=\"https:\/\/www.facebook.com\/labergerieduval\" \/>\n<meta property=\"article:modified_time\" content=\"2024-03-01T07:43:36+00:00\" \/>\n<meta name=\"twitter:card\" content=\"summary_large_image\" \/>\n<meta name=\"twitter:label1\" content=\"Dur\u00e9e de lecture estim\u00e9e\" \/>\n\t<meta name=\"twitter:data1\" content=\"2 minutes\" \/>\n<script type=\"application\/ld+json\" class=\"yoast-schema-graph\">{\"@context\":\"https:\/\/schema.org\",\"@graph\":[{\"@type\":\"WebPage\",\"@id\":\"https:\/\/www.labergerieduval.com\/index.php\/bienvenue\/yourte-mongole-3-personnes-drome\/\",\"url\":\"https:\/\/www.labergerieduval.com\/index.php\/bienvenue\/yourte-mongole-3-personnes-drome\/\",\"name\":\"Yourte mongole 3 personnes Drome -\",\"isPartOf\":{\"@id\":\"https:\/\/www.labergerieduval.com\/#website\"},\"datePublished\":\"2023-02-19T17:09:41+00:00\",\"dateModified\":\"2024-03-01T07:43:36+00:00\",\"breadcrumb\":{\"@id\":\"https:\/\/www.labergerieduval.com\/index.php\/bienvenue\/yourte-mongole-3-personnes-drome\/#breadcrumb\"},\"inLanguage\":\"fr-FR\",\"potentialAction\":[{\"@type\":\"ReadAction\",\"target\":[\"https:\/\/www.labergerieduval.com\/index.php\/bienvenue\/yourte-mongole-3-personnes-drome\/\"]}]},{\"@type\":\"BreadcrumbList\",\"@id\":\"https:\/\/www.labergerieduval.com\/index.php\/bienvenue\/yourte-mongole-3-personnes-drome\/#breadcrumb\",\"itemListElement\":[{\"@type\":\"ListItem\",\"position\":1,\"name\":\"Accueil\",\"item\":\"https:\/\/www.labergerieduval.com\/\"},{\"@type\":\"ListItem\",\"position\":2,\"name\":\"Bienvenue \u00e0 la Bergerie du Val\",\"item\":\"https:\/\/www.labergerieduval.com\/\"},{\"@type\":\"ListItem\",\"position\":3,\"name\":\"Yourte mongole 3 personnes Drome\"}]},{\"@type\":\"WebSite\",\"@id\":\"https:\/\/www.labergerieduval.com\/#website\",\"url\":\"https:\/\/www.labergerieduval.com\/\",\"name\":\"La Bergerie du Val\",\"description\":\"\",\"publisher\":{\"@id\":\"https:\/\/www.labergerieduval.com\/#organization\"},\"potentialAction\":[{\"@type\":\"SearchAction\",\"target\":{\"@type\":\"EntryPoint\",\"urlTemplate\":\"https:\/\/www.labergerieduval.com\/?s={search_term_string}\"},\"query-input\":\"required name=search_term_string\"}],\"inLanguage\":\"fr-FR\"},{\"@type\":\"Organization\",\"@id\":\"https:\/\/www.labergerieduval.com\/#organization\",\"name\":\"La Bergerie du Val\",\"url\":\"https:\/\/www.labergerieduval.com\/\",\"logo\":{\"@type\":\"ImageObject\",\"inLanguage\":\"fr-FR\",\"@id\":\"https:\/\/www.labergerieduval.com\/#\/schema\/logo\/image\/\",\"url\":\"\",\"contentUrl\":\"\",\"caption\":\"La Bergerie du Val\"},\"image\":{\"@id\":\"https:\/\/www.labergerieduval.com\/#\/schema\/logo\/image\/\"},\"sameAs\":[\"https:\/\/www.facebook.com\/labergerieduval\"]}]}<\/script>\n<!-- \/ Yoast SEO plugin. -->","yoast_head_json":{"title":"Yourte mongole 3 personnes Drome -","robots":{"index":"index","follow":"follow","max-snippet":"max-snippet:-1","max-image-preview":"max-image-preview:large","max-video-preview":"max-video-preview:-1"},"canonical":"https:\/\/www.labergerieduval.com\/index.php\/bienvenue\/yourte-mongole-3-personnes-drome\/","og_locale":"fr_FR","og_type":"article","og_title":"Yourte mongole 3 personnes Drome -","og_description":"Evadez-vous en Drome proven\u00e7ale dans notre hebergement insolite. Vous serez \u00e0 coup sur s\u00e9duit par notre yourte import\u00e9e de Mongolie. D&rsquo;une surface de 27 m2 la yourte est \u00e9quip\u00e9e de 3 couchages. A 50 m de la yourte, vous aurez la jouissance exclusive d&rsquo;une cuisine et d&rsquo;une salle de douche avec wc. Nous sommes install\u00e9s [&hellip;]","og_url":"https:\/\/www.labergerieduval.com\/index.php\/bienvenue\/yourte-mongole-3-personnes-drome\/","article_publisher":"https:\/\/www.facebook.com\/labergerieduval","article_modified_time":"2024-03-01T07:43:36+00:00","twitter_card":"summary_large_image","twitter_misc":{"Dur\u00e9e de lecture estim\u00e9e":"2 minutes"},"schema":{"@context":"https:\/\/schema.org","@graph":[{"@type":"WebPage","@id":"https:\/\/www.labergerieduval.com\/index.php\/bienvenue\/yourte-mongole-3-personnes-drome\/","url":"https:\/\/www.labergerieduval.com\/index.php\/bienvenue\/yourte-mongole-3-personnes-drome\/","name":"Yourte mongole 3 personnes Drome -","isPartOf":{"@id":"https:\/\/www.labergerieduval.com\/#website"},"datePublished":"2023-02-19T17:09:41+00:00","dateModified":"2024-03-01T07:43:36+00:00","breadcrumb":{"@id":"https:\/\/www.labergerieduval.com\/index.php\/bienvenue\/yourte-mongole-3-personnes-drome\/#breadcrumb"},"inLanguage":"fr-FR","potentialAction":[{"@type":"ReadAction","target":["https:\/\/www.labergerieduval.com\/index.php\/bienvenue\/yourte-mongole-3-personnes-drome\/"]}]},{"@type":"BreadcrumbList","@id":"https:\/\/www.labergerieduval.com\/index.php\/bienvenue\/yourte-mongole-3-personnes-drome\/#breadcrumb","itemListElement":[{"@type":"ListItem","position":1,"name":"Accueil","item":"https:\/\/www.labergerieduval.com\/"},{"@type":"ListItem","position":2,"name":"Bienvenue \u00e0 la Bergerie du Val","item":"https:\/\/www.labergerieduval.com\/"},{"@type":"ListItem","position":3,"name":"Yourte mongole 3 personnes Drome"}]},{"@type":"WebSite","@id":"https:\/\/www.labergerieduval.com\/#website","url":"https:\/\/www.labergerieduval.com\/","name":"La Bergerie du Val","description":"","publisher":{"@id":"https:\/\/www.labergerieduval.com\/#organization"},"potentialAction":[{"@type":"SearchAction","target":{"@type":"EntryPoint","urlTemplate":"https:\/\/www.labergerieduval.com\/?s={search_term_string}"},"query-input":"required name=search_term_string"}],"inLanguage":"fr-FR"},{"@type":"Organization","@id":"https:\/\/www.labergerieduval.com\/#organization","name":"La Bergerie du Val","url":"https:\/\/www.labergerieduval.com\/","logo":{"@type":"ImageObject","inLanguage":"fr-FR","@id":"https:\/\/www.labergerieduval.com\/#\/schema\/logo\/image\/","url":"","contentUrl":"","caption":"La Bergerie du Val"},"image":{"@id":"https:\/\/www.labergerieduval.com\/#\/schema\/logo\/image\/"},"sameAs":["https:\/\/www.facebook.com\/labergerieduval"]}]}},"_links":{"self":[{"href":"https:\/\/www.labergerieduval.com\/index.php\/wp-json\/wp\/v2\/pages\/520"}],"collection":[{"href":"https:\/\/www.labergerieduval.com\/index.php\/wp-json\/wp\/v2\/pages"}],"about":[{"href":"https:\/\/www.labergerieduval.com\/index.php\/wp-json\/wp\/v2\/types\/page"}],"author":[{"embeddable":true,"href":"https:\/\/www.labergerieduval.com\/index.php\/wp-json\/wp\/v2\/users\/1"}],"replies":[{"embeddable":true,"href":"https:\/\/www.labergerieduval.com\/index.php\/wp-json\/wp\/v2\/comments?post=520"}],"version-history":[{"count":6,"href":"https:\/\/www.labergerieduval.com\/index.php\/wp-json\/wp\/v2\/pages\/520\/revisions"}],"predecessor-version":[{"id":572,"href":"https:\/\/www.labergerieduval.com\/index.php\/wp-json\/wp\/v2\/pages\/520\/revisions\/572"}],"up":[{"embeddable":true,"href":"https:\/\/www.labergerieduval.com\/index.php\/wp-json\/wp\/v2\/pages\/514"}],"wp:attachment":[{"href":"https:\/\/www.labergerieduval.com\/index.php\/wp-json\/wp\/v2\/media?parent=520"}],"curies":[{"name":"wp","href":"https:\/\/api.w.org\/{rel}","templated":true}]}}